-1) + 3?
4
What is the value of 8 + -8 + -5 - -9?
4
2 - (12 - 7) - (0 + -3)
0
-3 + 10 + -8 + 4
3
What is the value of 123 - 127 - ((-1 - 0) + 1)?
-4
Calculate (13 - (19 - 8)) + -5.
-3
Calculate 1 + 4 + 0 + -5.
0
Evaluate -1 + 11 + (51 - 56).
5
Calculate -3 + 4 + 0 - 1 - 0.
0
What is the value of 1 + -4 + (3 - (11 - 9))?
-2
What is the value of (-35 - -46) + 0 + -5?
6
What is the value of 1 + 0 + 56 + -58?
-1
What is -7 - (-11 + (5 + -11 - -8))?
2
-8 - ((8 - 1) + -4 + -5)
-6
What is the value of 2 + 1 - -1 - (-8 - -12)?
0
What is the value of -8 + 5 + 2 + 1?
0
-1 + 0 + -7 - -1
-7
What is the value of 5 - (9 + -3 + 4)?
-5
What is the value of 2 - (-1 + -3 + (-1 - -3))?
4
-4 + -1 + -10 + 10
-5
Calculate (1 - 2) + 4 - (11 - 9).
1
Calculate (1 - 14) + -7 + 8 - -6.
-6
Calculate (-1 + 6 - 5) + -5.
-5
What is 4 - (6 - 3) - (1 + -1)?
1
What is 4 + (0 - (-2 + 4)) + -3?
-1
0 + 11 - 7 - 2
2
What is the value of (1 - 1) + 1 + 3?
4
Evaluate (-1 - -2) + -41 + 41.
1
8 + -18 + 14 + 2
6
What is (-1 - -3) + 8 - (32 + -28)?
6
Evaluate (29 - 34) + 1 + 1.
-3
What is the value of -1 - (-2 + 6 + -7)?
2
What is -2 - ((-13 - (-3 + -3)) + 5)?
0
-1 - (-8 + (-1 + 1 - -4))
3
What is the value of -2 + 1 + (-1 - -1)?
-1
What is the value of 7 + -1 + -4 + -5?
-3
What is -5 - -4 - 5 - -2 - -5?
1
Calculate -3 + (1 - (-3 + 3 + 2)).
-4
What is the value of -14 - -8 - (-5 - -1)?
-2
(3 - 8 - (-8 - -8)) + 11
6
What is the value of -2 + (6 - 15 - -8)?
-3
What is the value of (-4 - 9) + -3 + 8?
-8
What is -16 + 9 + 5 + -3?
-5
Evaluate -1 + 2 + 3 + (3 - 8).
-1
(2 - (-1 + -5) - 7) + 0
1
What is (1 - 1) + -8 + 4?
-4
2 + (0 - 4) + 1 + 5
4
Evaluate -5 + (-3 - -1) + 2.
-5
What is -3 - (-19 + (9 - -5))?
2
-1 + 3 + -4 - (-3 - -1)
0
-5 + (-4 - -8) - (-5 + 0)
4
What is the value of -1 - 1 - (-16 + 1 + 14)?
-1
-6 - ((10 - (11 - 8)) + -9)
-4
-38 + 43 - (0 - 1)
6
-6 + 6 + (-6 + 4 - 6)
-8
Calculate 3 + 1 + -11 - -2.
-5
-10 + (7 - 1) - 2
-6
(2 - 7) + 19 - 8
6
What is -4 - (-2 - (3 + -4)) - -4?
1
Calculate 3 + (3 - 7) - 2.
-3
(1 - 8) + (-40 - -43)
-4
Calculate 0 - ((2 - 6) + 7).
-3
What is the value of (0 + -4 - (0 + 1)) + 6?
1
What is -1 + 0 + -2 + 4 - 4?
-3
What is the value of 1 + -6 - (3 - (6 + 1))?
-1
Calculate -11 + (1 - (-4 - 11)).
5
What is the value of 2 + -8 + 0 - -8?
2
Calculate 1 + -2 + (-4 - -9).
4
0 - (8 - 1) - (-25 - -18)
0
What is the value of 7 + -1 + (-7 - -4 - 0)?
3
Calculate (-1 - -2) + -4 + 11 + -12.
-4
What is (-38 - -36) + 0 + -2 + 1?
-3
Calculate 1 - (0 + -6 - -9).
-2
Evaluate -9 - (5 + -7 + 0).
-7
Evaluate 1 + (-4 - -4) - 2 - 1.
-2
Evaluate 4 + 0 + 4 - 5.
3
What is the value of (5 - 15 - -6) + 1?
-3
-3 + 2 - (-3 - -1)
1
Evaluate (-27 - -26) + (-1 - 1).
-3
2 - 2 - (-5 + 9) - -6
2
Calculate (4 - -5 - 7) + -7.
-5
What is 0 + -1 + (11 - 11)?
-1
Calculate -6 + (2 + 1 - -3).
0
(5 - -2) + -1 + -2
4
What is the value of 5 + (-3 + -4 - 1) - -6?
3
Evaluate 5 + -4 - 5 - -11.
7
Evaluate 0 + 3 + -9 + (1 - -2).
-3
14 + (15 - 11) + -8
10
(1 - 1 - -2) + (-25 - -21)
-2
Evaluate (-1 - (3 - 7)) + -2 - 5.
-4
-7 - (2 + 5 - 9)
-5
Evaluate 12 - (9 + 9) - (-8 + -2).
4
Evaluate -17 + 20 + -1 + -6.
-4
-5 + (-3 - 12) + 22
2
-11 + 6 + 0 + 3
-2
Calculate 6 + -3 + -2 + -2 + 1.
0
Calculate 4 - -2 - (-4 + -3 + 8).
5
Calculate (-7 - -6) + (0 + 3 - 1).
1
Calculate -7 - -11 - (2 + (0 - -1)).
1
0 + -12 + 12 + 0 + 2
2
-1 + 1 - (-10 + 0 - -7)
3
-2 - 0 - 0 - (7 - 8)
-1
Calculate 1 + -7 + -36 + 41.
-1
What is -2 + (1 - -4 - (-57 + 64))?
-4
Evaluate 5 - (3 + 0 + -2).
4
Evaluate (6 - 3) + (1 + -2 - 3).
-1
What is the value of 1 + 1 - (20 - 20)?
2
What is 1 - 13 - (57 - 72)?
3
Calculate (7 - -7) + -22 + 8.
0
What is the value of (-1 - (1 + -7)) + (1 - 4)?
2
(-8 + 3 - -3) + -3
-5
Evaluate 9 - ((42 - 37) + (-1 - 0)).
5
-2 + 0 + -2 - (54 + -57)
-1
Evaluate 5 + 6 + -4 + -2.
5
What is 14 + -13 - (-4 + 2)?
3
Calculate (-2 - 10) + (-10 - (6 + -24)).
-4
What is the value of (-5 - 3) + -4 - (-6 - -1)?
-7
What is 3 - ((-2 - -7) + 0) - 3?
-5
What is (2 - -4) + -1 - -2?
7
What is the value of -5 + 5 + -4 + 0?
-4
What is -9 - ((2 - 0) + -5 + -1)?
-5
Calculate -1 - (25 + -10) - -9.
-7
0 - (-5 + (7 - 6))
4
-2 - (-4 - -3 - -1 - 3)
1
Evaluate -5 - (2 + 6 - 14).
1
Calculate -1 - 6 - (2 - 4 - 0).
-5
What is the value of 3 + 5 + -12 + (-2 - -12)?
6
What is 15 - (-1 - (-32 - -12))?
-4
What is 15 - 11 - ((-1 - 1) + 9)?
-3
4 + (-2 + -7 - -7)
2
Calculate (13 - 3) + -9 - 12.
-11
What is -7 + (-4 - -3 - (2 - 6))?
-4
What is the value of 5 + (0 - (1 + -2))?
6
-12 - (0 + -2) - (68 - 72)
-6
(10 - 20) + 2 + 0
-8
-5 + (-10 - (-12 - 3))
0
What is -1 + -1 + -2 + (12 - 3)?
5
19 + -9 + -17 + 10
3
What is the value of -3 + -3 + 2 - -2?
-2
What is the value of 1 - (-1 - (4 - 5) - 2)?
3
Calculate (1 - -3) + 2 + -10 + -1.
-5
Calculate (10 - (2 + -1)) + (-2 - 2).
5
Calculate -15 + (2 - -7) - -7.
1
13 - (5 - (-3 - -1))
6
What is the value of 4 - 5 - (3 - (6 + -3))?
-1
What is the value of 3 - (-4 + (-3 - 0) - -4)?
6
8 + (2 - (2 - -6))
2
Calculate -16 + 1 - (62 + -67).
-10
What is the value of -1 - 1 - (-56 - -62) - -1?
-7
What is the value of (-2 - 0) + 3 - (2 + -3)?
2
What is the value of -1 - 1 - (9 - (1 - -16))?
6
What is the value of 13 + (-9 - (4 - 6))?
6
Calculate (-2 - -5) + -2 - -2.
3
What is (5 - 3 - -4) + (7 - 10)?
3
-5 + (-4 - (-4 - (4 + -6)))
-7
Evaluate 2 + -1 - (-6 - -12).
-5
Evaluate (9 - 1) + -6 + 3.
5
Evaluate -5 + 2 + (13 - 5).
5
What is the value of 1 - (1 - (5 + -3)) - 1?
1
-3 - (1 - (-3 + 2))
-5
What is the value of (1 - (2 - 3) - 1) + 2?
3
1 + -2 + (-14 - -17)
2
Calculate -2 + (-1 - 4) + 3 + 1.
-3
Calculate -5 + (3 + -6 - -3) + 1.
-4
Evaluate 12 + -8 + 3 + -9.
-2
-7 - (-9 + 2 + -8)
8
What is (-2 - 0) + -3 + (8 - -1)?
4
What is the value of 1 - 6 - (8 - 6 - 8)?
1
-11 - (5 - (3 - -7))
-6
3 - (1 + (7 - 6) + 2)
-1
-8 - (-8 + -1) - (1 - 4)
4
-3 - (2 + (-9 - -8))
-4
Calculate -3 - (4 + -4 + 2).
-5
What is the value of 2 + -2 + -3 + 1?
-2
-4 - -9 - (9 + -6)
2
Evaluate 4 - ((7 - 1) + -2).
0
What is the value of -3 + 0 - (37 + -40)?
0
-4 + 8 + -6 - 6
-8
Calculate 11 - (5 + -10 + 14).
2
What is 9 - (7 + -9 - -4)?
7
Evaluate 1 - 3 - 0 - (-2 - -2).
-2
Calculate 6 + (-3 - -1) - -4.
8
What is 5 - 0 - (10 - (-1 - -11))?
5
Calculate -5 + -3 + 5 + 4 + -11.
-10
7 - (-2 + 3) - 6
0
What is 4 + (2 - (-1 - -7))?
0
Calculate 2 + -12 + 20 + -7 + 0.
3
Evaluate 0 - 1 - (-11 - -2).
8
What is 19 + (8 - 19) + (-3 - -1)?
6
Evaluate 2 + 1 + (2 - 8) + 0.
-3
What is 3 + (1 - 13) - -4 - -3?
-2
What is the value of (-3 - -6) + -3 + (-2 - -3)?
1
What is the value of 0 + -11 + 12 + (4 - 1)?
4
What is the value of 2 + -3 - ((-4 - -5) + -3)?
1
(2 - 0) + (16 - 23)
-5
What is 2 - ((-15 - -7) + 13 + -5)?
2
Evaluate -1 + 2 + 2 + -5 + 4.
2
-8 + 15 + -4 + 2
5
2 - -9 - (83 - 73)
1
Evaluate -4 + 4 - -5 - 0.
5
Evaluate (-5 + 3 - -4) + (-8 - -6).
0
What is the value of 0 + -7 + (11 - 4) - -5?
5
What is -12 - -8 - -3 - (1 + -2)?
0
What is the value of -7 - (-4 - (-3 - -6))?
0
Calculate (8 - 2) + -3 - 6.
-3
Evaluate -3 + -10 + (3 - -5).
-5
Calculate (8 - 7) + 4 + -5.
0
Calculate -10 - -11 - 7 - 1.
-7
Calculate -8 - 0 - -4 - (1 - 0).
-5
Evaluate 4 + -6 + -3 - (2 + -6).
-1
Evaluate (3 + 6 - 9) + -8.
-8
What is the value of -5 + (-4 - -1 - -11)?
3
What is -3 + -2 + (3 - 6) + 4?
-4
Evaluate (-2 - -2) + (-6 - -9).
3
What is the value of (4 + -8 - -7) + -5 + 1?
-1
(-4 - 2) + (-14 - -16)
-4
What is the value of -2 + -3 - (11 - 16)?
0
What is -13 + (-7 - -14) - -4?
-2
Evaluate (9 - 19 - -20) + -11.
-1
-2 - (-1 + -5 + 10)
-6
What is the value of 6 - (2 - (7 - 6) - -9)?
-4
(1 + -2 - (10 - 16)) + 0
5
(78 - 79) + -6 + 1 + 0
-6
Calculate 0 - (-3 - -4) - (0 - 2).
1
Evaluate -2 + (1 - 3) + (12 - 14).
-6
What is (-4 - (-3 + 1)) + 4?
2
Calculate 0 + -2 + 7 - 2.
3
What is (11 - 6) + -3 + 1?
3
What is the value of -7 - (-3 - 3 - -1)?
-2
Calculate (0 - -2) + (4 - 1) - -2.
7
What is 6 + 4 + -6 + 3?
7
-9 + 0 + 0 + 2
-7
Calculate -7 - (-4 + -2 + 3).
-4
Evaluate 5 + 5 + (0 - (6 - 1)).
5
Evaluate 9 - (8 + -3 + 3).
1
Evaluate (-1 - -1 - 0) + -1.
-1
What is 1 + -7 - (-23 - -18)?
-1
What is (-1 - -1) + (2 + -1 - -2)?
3
-3 - (3 - 13 - -12)
-5
What is the value of 5 - (14 - -14) - -14?
-9
4 + (-3 - 4) + 5
2
(1 + -10 - -4) + 8
3
4 + (-9 - -10) + -8
-3
Evaluate -6 - (-6 + -6) - (13 + -4).
-3
What is 10 + 4 + 2 + 